{"id":482,"date":"2006-07-04T17:01:35","date_gmt":"2006-07-04T15:01:35","guid":{"rendered":"http:\/\/doenges.com\/blog\/?page_id=482"},"modified":"2020-02-23T17:43:54","modified_gmt":"2020-02-23T15:43:54","slug":"about","status":"publish","type":"page","link":"https:\/\/doenges.com\/blog\/about?lang=de","title":{"rendered":"\u00dcber mich"},"content":{"rendered":"<p>Tags\u00fcber bin ich Softwareentwickler. Wenn das Licht passt, bin ich Photograph.<\/p>\n<p>Zu meinem 10. Geburtstag haben meine Eltern mir eine Kamera geschenkt. Damit legten Sie den Grundstein f\u00fcr eine lebenslange Leidenschaft. Sp\u00e4ter folgten bessere Kameras, viel Erfahrung in der Dunkelkammer und schlie\u00dflich der Umstieg auf Digitaltechnik.<\/p>\n<p>Die Welt ist wundersch\u00f6n und ich versuche diese Sch\u00f6nheit in meinen Bildern darzustellen. Besonders gerne photographiere ich die Natur: Landschaften, Pflanzen, Tiere und Menschen.<\/p>\n<p>Menschen finde ich besonders reizvoll in ihrer nat\u00fcrlichen Umgebung, ganz ungezwungen. Ich photographiere dabei gerne &#8216;candid&#8217;, also mit nat\u00fcrlichem Licht, ohne Pose und ohne Kulisse. In letzter Zeit besch\u00e4ftige ich mich mit <a href=\"http:\/\/de.wikipedia.org\/wiki\/Stra\u00dfenfotografie\" target=\"_blank\">Stra\u00dfenphotographie<\/a>. Ich bin gespannt, wohin die Reise mich f\u00fchrt &#8230;<\/p>\n","protected":false},"excerpt":{"rendered":"<p>Tags\u00fcber bin ich Softwareentwickler. Wenn das Licht passt, bin ich Photograph. Zu meinem 10. Geburtstag haben meine Eltern mir eine Kamera geschenkt. Damit legten Sie den Grundstein f\u00fcr eine lebenslange Leidenschaft. Sp\u00e4ter folgten bessere Kameras, viel Erfahrung in der Dunkelkammer und schlie\u00dflich der Umstieg auf Digitaltechnik. Die Welt ist wundersch\u00f6n und ich versuche diese Sch\u00f6nheit [&hellip;]<\/p>\n","protected":false},"author":1,"featured_media":0,"parent":0,"menu_order":2,"comment_status":"closed","ping_status":"closed","template":"","meta":{"footnotes":""},"class_list":["post-482","page","type-page","status-publish","hentry"],"_links":{"self":[{"href":"https:\/\/doenges.com\/blog\/wp-json\/wp\/v2\/pages\/482","targetHints":{"allow":["GET"]}}],"collection":[{"href":"https:\/\/doenges.com\/blog\/wp-json\/wp\/v2\/pages"}],"about":[{"href":"https:\/\/doenges.com\/blog\/wp-json\/wp\/v2\/types\/page"}],"author":[{"embeddable":true,"href":"https:\/\/doenges.com\/blog\/wp-json\/wp\/v2\/users\/1"}],"replies":[{"embeddable":true,"href":"https:\/\/doenges.com\/blog\/wp-json\/wp\/v2\/comments?post=482"}],"version-history":[{"count":5,"href":"https:\/\/doenges.com\/blog\/wp-json\/wp\/v2\/pages\/482\/revisions"}],"predecessor-version":[{"id":1567,"href":"https:\/\/doenges.com\/blog\/wp-json\/wp\/v2\/pages\/482\/revisions\/1567"}],"wp:attachment":[{"href":"https:\/\/doenges.com\/blog\/wp-json\/wp\/v2\/media?parent=482"}],"curies":[{"name":"wp","href":"https:\/\/api.w.org\/{rel}","templated":true}]}}